 divided by 1115.
1113
Calculate the remainder when 2528199 is divided by 50.
49
What is the remainder when 810839 is divided by 290?
289
Calculate the remainder when 8806 is divided by 8794.
12
Calculate the remainder when 9569 is divided by 2388.
17
Calculate the remainder when 10791 is divided by 225.
216
What is the remainder when 111197 is divided by 5054?
9
What is the remainder when 3651 is divided by 27?
6
What is the remainder when 126474 is divided by 14?
12
What is the remainder when 14061 is divided by 49?
47
Calculate the remainder when 100844 is divided by 135.
134
What is the remainder when 100798 is divided by 23?
12
Calculate the remainder when 54291 is divided by 98.
97
Calculate the remainder when 471 is divided by 170.
131
Calculate the remainder when 3509 is divided by 854.
93
What is the remainder when 34417 is divided by 7?
5
What is the remainder when 10091 is divided by 824?
203
What is the remainder when 2235285 is divided by 88?
85
What is the remainder when 8945 is divided by 2980?
5
What is the remainder when 140740 is divided by 1902?
1894
Calculate the remainder when 21511 is divided by 698.
571
Calculate the remainder when 9134 is divided by 111.
32
Calculate the remainder when 344435 is divided by 412.
3
Calculate the remainder when 20958500 is divided by 2451.
2450
What is the remainder when 1630017 is divided by 140?
137
Calculate the remainder when 15901 is divided by 96.
61
Calculate the remainder when 11990 is divided by 3979.
53
Calculate the remainder when 25456 is divided by 25408.
48
What is the remainder when 87893 is divided by 34?
3
Calculate the remainder when 2294596 is divided by 100.
96
What is the remainder when 45113 is divided by 22546?
21
Calculate the remainder when 13918 is divided by 2335.
2243
Calculate the remainder when 885 is divided by 313.
259
What is the remainder when 10813 is divided by 979?
44
What is the remainder when 123598 is divided by 106?
2
What is the remainder when 48637 is divided by 40?
37
Calculate the remainder when 19308 is divided by 2030.
1038
What is the remainder when 67375 is divided by 3?
1
Calculate the remainder when 4964 is divided by 1648.
20
Calculate the remainder when 2467 is divided by 42.
31
Calculate the remainder when 125999 is divided by 16.
15
What is the remainder when 3684 is divided by 1729?
226
What is the remainder when 263208 is divided by 46?
42
Calculate the remainder when 13307 is divided by 138.
59
Calculate the remainder when 95546 is divided by 241.
110
What is the remainder when 726 is divided by 505?
221
What is the remainder when 2078 is divided by 345?
8
Calculate the remainder when 5731 is divided by 1243.
759
What is the remainder when 18090 is divided by 2260?
10
Calculate the remainder when 5772 is divided by 371.
207
What is the remainder when 53461 is divided by 7635?
16
Calculate the remainder when 20773 is divided by 47.
46
Calculate the remainder when 15548 is divided by 85.
78
Calculate the remainder when 22315 is divided by 235.
225
Calculate the remainder when 74968 is divided by 303.
127
Calculate the remainder when 60479 is divided by 135.
134
What is the remainder when 6728 is divided by 449?
442
What is the remainder when 2670 is divided by 81?
78
Calculate the remainder when 2299 is divided by 1123.
53
What is the remainder when 1688 is divided by 403?
76
Calculate the remainder when 36524 is divided by 2279.
60
What is the remainder when 397677 is divided by 3?
0
What is the remainder when 388 is divided by 355?
33
Calculate the remainder when 114257 is divided by 342.
29
What is the remainder when 29582 is divided by 3696?
14
Calculate the remainder when 2100979 is divided by 215.
214
What is the remainder when 421 is divided by 298?
123
What is the remainder when 844107 is divided by 166?
163
Calculate the remainder when 9250431 is divided by 9.
6
What is the remainder when 111396 is divided by 73?
71
Calculate the remainder when 44634 is divided by 31.
25
Calculate the remainder when 20468 is divided by 336.
308
Calculate the remainder when 10251 is divided by 539.
10
Calculate the remainder when 8532 is divided by 2611.
699
Calculate the remainder when 63122 is divided by 260.
202
Calculate the remainder when 2122 is divided by 8.
2
Calculate the remainder when 32556 is divided by 6496.
76
What is the remainder when 1436 is divided by 181?
169
Calculate the remainder when 84564 is divided by 28172.
48
What is the remainder when 5688 is divided by 1735?
483
What is the remainder when 241 is divided by 164?
77
Calculate the remainder when 36714 is divided by 1670.
1644
What is the remainder when 30685 is divided by 193?
191
What is the remainder when 4943 is divided by 1423?
674
What is the remainder when 11188 is divided by 448?
436
What is the remainder when 8203 is divided by 8183?
20
Calculate the remainder when 1244 is divided by 19.
9
Calculate the remainder when 1758 is divided by 564.
66
Calculate the remainder when 191920 is divided by 36.
4
What is the remainder when 40597 is divided by 39?
37
Calculate the remainder when 15402 is divided by 5133.
3
What is the remainder when 14000 is divided by 4076?
1772
Calculate the remainder when 9556 is divided by 354.
352
Calculate the remainder when 27598 is divided by 657.
4
What is the remainder when 100182 is divided by 33383?
33
Calculate the remainder when 7283 is divided by 2967.
1349
What is the remainder when 2277863 is divided by 2?
1
Calculate the remainder when 137695 is divided by 450.
445
What is the remainder when 153306 is divided by 19?
14
Calculate the remainder when 2338 is divided by 798.
742
What is the remainder when 21213 is divided by 10598?
17
What is the remainder when 18576 is divided by 433?
390
What is the remainder when 136288 is divided by 309?
19
What is the remainder when 471360 is divided by 126?
120
What is the remainder when 40301 is divided by 1300?
1
Calculate the remainder when 519419 is divided by 19.
16
Calculate the remainder when 15893 is divided by 1125.
143
What is the remainder when 713 is divided by 292?
129
Calculate the remainder when 10516 is divided by 25.
16
What is the remainder when 1285 is divided by 596?
93
Calculate the remainder when 19415 is divided by 14.
11
What is the remainder when 3740 is divided by 443?
196
Calculate the remainder when 9685 is divided by 173.
170
What is the remainder when 37346 is divided by 13?
10
Calculate the remainder when 78907 is divided by 9.
4
What is the remainder when 37185 is divided by 3715?
35
Calculate the remainder when 4675 is divided by 2953.
1722
What is the remainder when 9257 is divided by 15?
2
Calculate the remainder when 1112380 is divided by 10396.
8
Calculate the remainder when 15487 is divided by 553.
3
Calculate the remainder when 57391 is divided by 580.
551
What is the remainder when 624 is divided by 319?
305
What is the remainder when 59745 is divided by 161?
14
Calculate the remainder when 86205 is divided by 44.
9
What is the remainder when 4157 is divided by 184?
109
Calculate the remainder when 3899 is divided by 302.
275
What is the remainder when 12140 is divided by 45?
35
Calculate the remainder when 15142 is divided by 175.
92
What is the remainder when 563017 is divided by 78?
13
What is the remainder when 77036 is divided by 261?
41
Calculate the remainder when 49992 is divided by 125.
117
What is the remainder when 1376 is divided by 643?
90
What is the remainder when 143421 is divided by 13?
5
What is the remainder when 25300 is divided by 94?
14
Calculate the remainder when 1312307 is divided by 36.
35
What is the remainder when 107815 is divided by 63?
22
What is the remainder when 25951 is divided by 123?
121
What is the remainder when 35767 is divided by 70?
67
What is the remainder when 883649 is divided by 25?
24
What is the remainder when 98426 is divided by 32808?
2
What is the remainder when 82375 is divided by 858?
7
What is the remainder when 271633 is divided by 236?
233
Calculate the remainder when 724549 is divided by 241497.
58
Calculate the remainder when 834 is divided by 88.
42
Calculate the remainder when 69081 is divided by 5.
1
What is the remainder when 3715 is divided by 9?
7
What is the remainder when 8820 is